{"id":10,"date":"2026-04-24T22:54:03","date_gmt":"2026-04-24T22:54:03","guid":{"rendered":"https:\/\/dekoline.bambustudio.com.tr\/?page_id=10"},"modified":"2026-04-24T23:09:48","modified_gmt":"2026-04-24T23:09:48","slug":"bayi-basvuru","status":"publish","type":"page","link":"https:\/\/dekoline.bambustudio.com.tr\/?page_id=10","title":{"rendered":"Bayi Ba\u015fvurusu"},"content":{"rendered":"<p>T\u00fcrkiye&#8217;nin en h\u0131zl\u0131 b\u00fcy\u00fcyen perde markas\u0131n\u0131n ekosistemine siz de kat\u0131l\u0131n. 20 y\u0131ll\u0131k tecr\u00fcbe, g\u00fc\u00e7l\u00fc bir marka bilinirli\u011fi, pazarlama deste\u011fi ve rekabet\u00e7i fiyat politikas\u0131yla bayi ailemize bekliyoruz.<\/p>","protected":false},"excerpt":{"rendered":"<p>T\u00fcrkiye&#8217;nin en h\u0131zl\u0131 b\u00fcy\u00fcyen perde markas\u0131n\u0131n ekosistemine siz de kat\u0131l\u0131n. 20 y\u0131ll\u0131k tecr\u00fcbe, g\u00fc\u00e7l\u00fc bir marka bilinirli\u011fi, pazarlama deste\u011fi ve rekabet\u00e7i fiyat politikas\u0131yla bayi ailemize bekliyoruz.<\/p>\n","protected":false},"author":1,"featured_media":0,"parent":0,"menu_order":0,"comment_status":"closed","ping_status":"closed","template":"page-bayi-basvuru.php","meta":{"footnotes":""},"class_list":["post-10","page","type-page","status-publish","hentry"],"_links":{"self":[{"href":"https:\/\/dekoline.bambustudio.com.tr\/index.php?rest_route=\/wp\/v2\/pages\/10","targetHints":{"allow":["GET"]}}],"collection":[{"href":"https:\/\/dekoline.bambustudio.com.tr\/index.php?rest_route=\/wp\/v2\/pages"}],"about":[{"href":"https:\/\/dekoline.bambustudio.com.tr\/index.php?rest_route=\/wp\/v2\/types\/page"}],"author":[{"embeddable":true,"href":"https:\/\/dekoline.bambustudio.com.tr\/index.php?rest_route=\/wp\/v2\/users\/1"}],"replies":[{"embeddable":true,"href":"https:\/\/dekoline.bambustudio.com.tr\/index.php?rest_route=%2Fwp%2Fv2%2Fcomments&post=10"}],"version-history":[{"count":1,"href":"https:\/\/dekoline.bambustudio.com.tr\/index.php?rest_route=\/wp\/v2\/pages\/10\/revisions"}],"predecessor-version":[{"id":39,"href":"https:\/\/dekoline.bambustudio.com.tr\/index.php?rest_route=\/wp\/v2\/pages\/10\/revisions\/39"}],"wp:attachment":[{"href":"https:\/\/dekoline.bambustudio.com.tr\/index.php?rest_route=%2Fwp%2Fv2%2Fmedia&parent=10"}],"curies":[{"name":"wp","href":"https:\/\/api.w.org\/{rel}","templated":true}]}}