{"id":7,"date":"2026-04-24T22:54:03","date_gmt":"2026-04-24T22:54:03","guid":{"rendered":"https:\/\/dekoline.bambustudio.com.tr\/?page_id=7"},"modified":"2026-04-24T23:09:48","modified_gmt":"2026-04-24T23:09:48","slug":"hakkimizda","status":"publish","type":"page","link":"https:\/\/dekoline.bambustudio.com.tr\/?page_id=7","title":{"rendered":"Hakk\u0131m\u0131zda"},"content":{"rendered":"<p><strong>Dekoline Prime<\/strong>, 20 y\u0131l\u0131 a\u015fan tecr\u00fcbesiyle perde sekt\u00f6r\u00fcnde tasar\u0131m, kalite ve hizmet standard\u0131n\u0131 yeniden tan\u0131mlayan bir markad\u0131r. \u0130zmir Buca&#8217;daki 12.000 m\u00b2 \u00fcretim tesisimizde modern teknoloji ile geleneksel el i\u015f\u00e7ili\u011fini bulu\u015fturuyoruz.<\/p><p>Fon, t\u00fcl, blackout ve \u00e7ocuk perdesi koleksiyonlar\u0131m\u0131z\u0131 500+ bayi a\u011f\u0131m\u0131z \u00fczerinden T\u00fcrkiye&#8217;nin her noktas\u0131na ula\u015ft\u0131r\u0131yor; 12 \u00fclkeye ihracat yap\u0131yoruz.<\/p><h2 class=\"wp-block-heading\">Misyonumuz<\/h2><p>Her evde, her ofiste ve her mek\u00e2nda; \u0131\u015f\u0131\u011f\u0131 s\u00fczen, sesi yumu\u015fatan ve esteti\u011fi kuran perdeleri eri\u015filebilir k\u0131lmak.<\/p><h2 class=\"wp-block-heading\">Vizyonumuz<\/h2><p>2030 y\u0131l\u0131nda Avrupa&#8217;n\u0131n ilk 10 perde \u00fcreticisi aras\u0131nda yer almak; s\u00fcrd\u00fcr\u00fclebilir \u00fcretim ve dijital m\u00fc\u015fteri deneyimi ile sekt\u00f6r\u00fcn referans markas\u0131 olmak.<\/p>","protected":false},"excerpt":{"rendered":"<p>Dekoline Prime, 20 y\u0131l\u0131 a\u015fan tecr\u00fcbesiyle perde sekt\u00f6r\u00fcnde tasar\u0131m, kalite ve hizmet standard\u0131n\u0131 yeniden tan\u0131mlayan bir markad\u0131r. \u0130zmir Buca&#8217;daki 12.000 m\u00b2 \u00fcretim tesisimizde modern teknoloji ile geleneksel el i\u015f\u00e7ili\u011fini bulu\u015fturuyoruz. Fon, t\u00fcl, blackout ve \u00e7ocuk perdesi koleksiyonlar\u0131m\u0131z\u0131 500+ bayi a\u011f\u0131m\u0131z \u00fczerinden T\u00fcrkiye&#8217;nin her noktas\u0131na ula\u015ft\u0131r\u0131yor; 12 \u00fclkeye ihracat yap\u0131yoruz. Misyonumuz Her evde, her ofiste ve [&hellip;]<\/p>\n","protected":false},"author":1,"featured_media":0,"parent":0,"menu_order":0,"comment_status":"closed","ping_status":"closed","template":"page-hakkimizda.php","meta":{"footnotes":""},"class_list":["post-7","page","type-page","status-publish","hentry"],"_links":{"self":[{"href":"https:\/\/dekoline.bambustudio.com.tr\/index.php?rest_route=\/wp\/v2\/pages\/7","targetHints":{"allow":["GET"]}}],"collection":[{"href":"https:\/\/dekoline.bambustudio.com.tr\/index.php?rest_route=\/wp\/v2\/pages"}],"about":[{"href":"https:\/\/dekoline.bambustudio.com.tr\/index.php?rest_route=\/wp\/v2\/types\/page"}],"author":[{"embeddable":true,"href":"https:\/\/dekoline.bambustudio.com.tr\/index.php?rest_route=\/wp\/v2\/users\/1"}],"replies":[{"embeddable":true,"href":"https:\/\/dekoline.bambustudio.com.tr\/index.php?rest_route=%2Fwp%2Fv2%2Fcomments&post=7"}],"version-history":[{"count":1,"href":"https:\/\/dekoline.bambustudio.com.tr\/index.php?rest_route=\/wp\/v2\/pages\/7\/revisions"}],"predecessor-version":[{"id":36,"href":"https:\/\/dekoline.bambustudio.com.tr\/index.php?rest_route=\/wp\/v2\/pages\/7\/revisions\/36"}],"wp:attachment":[{"href":"https:\/\/dekoline.bambustudio.com.tr\/index.php?rest_route=%2Fwp%2Fv2%2Fmedia&parent=7"}],"curies":[{"name":"wp","href":"https:\/\/api.w.org\/{rel}","templated":true}]}}